{"id":64,"date":"2019-12-03T10:53:36","date_gmt":"2019-12-03T10:53:36","guid":{"rendered":"https:\/\/sep2020.unizar.es\/?page_id=64"},"modified":"2020-01-18T12:24:14","modified_gmt":"2020-01-18T12:24:14","slug":"transformacion-de-la-profesion-en-la-sociedad-postdigital","status":"publish","type":"page","link":"http:\/\/sep2020.unizar.es\/en\/transformacion-de-la-profesion-en-la-sociedad-postdigital\/","title":{"rendered":"Transformation of the profession in post-society digital"},"content":{"rendered":"<div class=\"fusion-fullwidth fullwidth-box fusion-builder-row-1 nonhundred-percent-fullwidth non-hundred-percent-height-scrolling\" style=\"background-color: rgba(255,255,255,0);background-position: center center;background-repeat: no-repeat;padding-top:0px;padding-right:0px;padding-bottom:0px;padding-left:0px;margin-bottom: 0px;margin-top: 2px;border-width: 0px 0px 0px 0px;border-color:#eae9e9;border-style:solid;\" ><div class=\"fusion-builder-row fusion-row\"><div class=\"fusion-layout-column fusion_builder_column fusion-builder-column-0 fusion_builder_column_1_2 1_2 fusion-one-half fusion-column-first\" style=\"width:50%;width:calc(50% - ( ( 4% ) * 0.5 ) );margin-right: 4%;margin-top:0px;margin-bottom:20px;\"><div class=\"fusion-column-wrapper fusion-flex-column-wrapper-legacy\" style=\"background-position:left top;background-repeat:no-repeat;-webkit-background-size:cover;-moz-background-size:cover;-o-background-size:cover;background-size:cover;padding: 0px 0px 0px 0px;\"><style type=\"text\/css\"><\/style><div class=\"fusion-title title fusion-title-1 fusion-title-center fusion-title-text fusion-title-size-two\" style=\"margin-top:0px;margin-bottom:31px;\"><div class=\"title-sep-container title-sep-container-left\"><div class=\"title-sep sep-double sep-solid\" style=\"border-color:#e0dede;\"><\/div><\/div><h2 class=\"title-heading-center\" style=\"margin:0;color:#000000;\"><p style=\"text-align: left\">Transformation of the profession in post-society digital<\/p><\/h2><div class=\"title-sep-container title-sep-container-right\"><div class=\"title-sep sep-double sep-solid\" style=\"border-color:#e0dede;\"><\/div><\/div><\/div><span class=\" fusion-imageframe imageframe-none imageframe-1 hover-type-none\"><img image_id=\"0\" src=\"https:\/\/sep2020.unizar.es\/wp-content\/uploads\/profesional-sep-2020-congreso-destacada.jpg\" class=\"img-responsive\"\/><\/span><div class=\"fusion-sep-clear\"><\/div><div class=\"fusion-separator fusion-full-width-sep\" style=\"margin-left: auto;margin-right: auto;margin-top:15px;margin-bottom:15px;width:100%;\"><div class=\"fusion-separator-border sep-shadow\" style=\"background:radial-gradient(ellipse at 50% -50% , #e0dede 0px, rgba(255, 255, 255, 0) 80%) repeat scroll 0 0 rgba(0, 0, 0, 0);background:-webkit-radial-gradient(ellipse at 50% -50% , #e0dede 0px, rgba(255, 255, 255, 0) 80%) repeat scroll 0 0 rgba(0, 0, 0, 0);background:-moz-radial-gradient(ellipse at 50% -50% , #e0dede 0px, rgba(255, 255, 255, 0) 80%) repeat scroll 0 0 rgba(0, 0, 0, 0);background:-o-radial-gradient(ellipse at 50% -50% , #e0dede 0px, rgba(255, 255, 255, 0) 80%) repeat scroll 0 0 rgba(0, 0, 0, 0);\"><\/div><\/div><div class=\"fusion-sep-clear\"><\/div><div class=\"fusion-text fusion-text-1\"><ul>\n<li>\n<blockquote>\n<p><a href=\"https:\/\/sep2020.unizar.es\/en\/communication-proposals-sep-2020\/\">See all the information about congress proposals<\/a><\/p>\n<\/blockquote>\n<\/li>\n<li>\n<blockquote>\n<p><a href=\"https:\/\/es.surveymonkey.com\/r\/SEP2020ZGZ\">Access the form for the presentation of communications to the congress<\/a><\/p>\n<\/blockquote>\n<\/li>\n<li>\n<blockquote>\n<p><a href=\"http:\/\/sep2020.unizar.es\/en\/registrations\/\">Instructions to register<\/a><\/p>\n<\/blockquote>\n<\/li>\n<\/ul>\n<\/div><div class=\"fusion-clearfix\"><\/div><\/div><\/div><div class=\"fusion-layout-column fusion_builder_column fusion-builder-column-1 fusion_builder_column_1_2 1_2 fusion-one-half fusion-column-last\" style=\"width:50%;width:calc(50% - ( ( 4% ) * 0.5 ) );margin-top:20px;margin-bottom:20px;\"><div class=\"fusion-column-wrapper fusion-flex-column-wrapper-legacy\" style=\"background-position:left top;background-repeat:no-repeat;-webkit-background-size:cover;-moz-background-size:cover;-o-background-size:cover;background-size:cover;padding: 15px 15px 15px 15px;\"><div class=\"fusion-text fusion-text-2\"><blockquote>\n<p style=\"text-align: justify\">The journalistic profession has undergone numerous transformations over the last decade in order to respond to new demands, challenges and possibilities posed by technological advances and cognitive, social changes and ethics produced in the 21st century.<\/p>\n<\/blockquote>\n<p style=\"text-align: justify\">In post-digital society we are witnessing the birth of increasingly specialized digital native media, whose sustainability can be considered in an environment characterized by indebtedness and the closure of print media and changes in the ways of use and consumption of information by citizens.<\/p>\n<p style=\"text-align: justify\">In a moment of fast-moving journalism consumption, communication professionals have been forced to adapt under pressure to new informative<br \/>\nformulas and take hold to exercise slow journalism and of quality. How are conventional newsrooms adapting to the new times? Are the professional routines that wemanage to inform in post-society digital adequate?<\/p>\n<p style=\"text-align: justify\">The arrival of particular initiatives, cooperatives, platforms and foundations that launch, both small media and new ways of practicing journalism, invites us to reflect on the transformations and the future of the information activity.<\/p>\n<p style=\"text-align: justify\">You are invited to present communications on these thematic axes:<\/p>\n<ul>\n<li style=\"text-align: justify\">Transformations of newsrooms and professional routines.<\/li>\n<li style=\"text-align: justify\">New professional profiles and specializations of journalists and communicators.<\/li>\n<li style=\"text-align: justify\">Slow journalism: platforms, initiatives, associations, challenges and obstacles.<\/li>\n<li style=\"text-align: justify\">Journalistic ethics facing disinformation and fake news.<\/li>\n<\/ul>\n<\/div><div class=\"fusion-clearfix\"><\/div><\/div><\/div><\/div><\/div>\n","protected":false},"excerpt":{"rendered":"","protected":false},"author":2,"featured_media":131,"parent":0,"menu_order":0,"comment_status":"closed","ping_status":"closed","template":"100-width.php","meta":[],"yoast_head":"<!-- This site is optimized with the Yoast SEO plugin v14.9 - https:\/\/yoast.com\/wordpress\/plugins\/seo\/ -->\n<title>Transformation of the profession in post-society digital - sep2020 - English UNIZAR<\/title>\n<meta name=\"description\" content=\"Los cambios cognitivos, sociales y \u00e9ticos desarrollados en las sociedades del siglo XXI van m\u00e1s all\u00e1 de las transformaciones tecnol\u00f3gicas tangibles.\" \/>\n<meta name=\"robots\" content=\"index, follow, max-snippet:-1, max-image-preview:large, max-video-preview:-1\" \/>\n<link rel=\"canonical\" href=\"http:\/\/sep2020.unizar.es\/en\/transformacion-de-la-profesion-en-la-sociedad-postdigital\/\" \/>\n<meta property=\"og:locale\" content=\"en_US\" \/>\n<meta property=\"og:type\" content=\"article\" \/>\n<meta property=\"og:title\" content=\"Transformation of the profession in post-society digital - sep2020 - English UNIZAR\" \/>\n<meta property=\"og:description\" content=\"Los cambios cognitivos, sociales y \u00e9ticos desarrollados en las sociedades del siglo XXI van m\u00e1s all\u00e1 de las transformaciones tecnol\u00f3gicas tangibles.\" \/>\n<meta property=\"og:url\" content=\"http:\/\/sep2020.unizar.es\/en\/transformacion-de-la-profesion-en-la-sociedad-postdigital\/\" \/>\n<meta property=\"og:site_name\" content=\"sep2020 - English UNIZAR\" \/>\n<meta property=\"article:modified_time\" content=\"2020-01-18T12:24:14+00:00\" \/>\n<meta name=\"twitter:card\" content=\"summary_large_image\" \/>\n<script type=\"application\/ld+json\" class=\"yoast-schema-graph\">{\"@context\":\"https:\/\/schema.org\",\"@graph\":[{\"@type\":\"WebSite\",\"@id\":\"http:\/\/sep2020.unizar.es\/en\/#website\",\"url\":\"http:\/\/sep2020.unizar.es\/en\/\",\"name\":\"sep2020 - English UNIZAR\",\"description\":\"Otro sitio m\\u00e1s de Congreso Internacional SEP2020 sitios\",\"potentialAction\":[{\"@type\":\"SearchAction\",\"target\":\"http:\/\/sep2020.unizar.es\/en\/?s={search_term_string}\",\"query-input\":\"required name=search_term_string\"}],\"inLanguage\":\"en-US\"},{\"@type\":\"ImageObject\",\"@id\":\"http:\/\/sep2020.unizar.es\/en\/transformacion-de-la-profesion-en-la-sociedad-postdigital\/#primaryimage\",\"inLanguage\":\"en-US\",\"url\":\"\"},{\"@type\":\"WebPage\",\"@id\":\"http:\/\/sep2020.unizar.es\/en\/transformacion-de-la-profesion-en-la-sociedad-postdigital\/#webpage\",\"url\":\"http:\/\/sep2020.unizar.es\/en\/transformacion-de-la-profesion-en-la-sociedad-postdigital\/\",\"name\":\"Transformation of the profession in post-society digital - sep2020 - English UNIZAR\",\"isPartOf\":{\"@id\":\"http:\/\/sep2020.unizar.es\/en\/#website\"},\"primaryImageOfPage\":{\"@id\":\"http:\/\/sep2020.unizar.es\/en\/transformacion-de-la-profesion-en-la-sociedad-postdigital\/#primaryimage\"},\"datePublished\":\"2019-12-03T10:53:36+00:00\",\"dateModified\":\"2020-01-18T12:24:14+00:00\",\"description\":\"Los cambios cognitivos, sociales y \\u00e9ticos desarrollados en las sociedades del siglo XXI van m\\u00e1s all\\u00e1 de las transformaciones tecnol\\u00f3gicas tangibles.\",\"inLanguage\":\"en-US\",\"potentialAction\":[{\"@type\":\"ReadAction\",\"target\":[\"http:\/\/sep2020.unizar.es\/en\/transformacion-de-la-profesion-en-la-sociedad-postdigital\/\"]}]}]}<\/script>\n<!-- \/ Yoast SEO plugin. -->","_links":{"self":[{"href":"http:\/\/sep2020.unizar.es\/en\/wp-json\/wp\/v2\/pages\/64"}],"collection":[{"href":"http:\/\/sep2020.unizar.es\/en\/wp-json\/wp\/v2\/pages"}],"about":[{"href":"http:\/\/sep2020.unizar.es\/en\/wp-json\/wp\/v2\/types\/page"}],"author":[{"embeddable":true,"href":"http:\/\/sep2020.unizar.es\/en\/wp-json\/wp\/v2\/users\/2"}],"replies":[{"embeddable":true,"href":"http:\/\/sep2020.unizar.es\/en\/wp-json\/wp\/v2\/comments?post=64"}],"version-history":[{"count":3,"href":"http:\/\/sep2020.unizar.es\/en\/wp-json\/wp\/v2\/pages\/64\/revisions"}],"predecessor-version":[{"id":309,"href":"http:\/\/sep2020.unizar.es\/en\/wp-json\/wp\/v2\/pages\/64\/revisions\/309"}],"wp:featuredmedia":[{"embeddable":true,"href":"http:\/\/sep2020.unizar.es\/en\/wp-json\/wp\/v2\/media\/131"}],"wp:attachment":[{"href":"http:\/\/sep2020.unizar.es\/en\/wp-json\/wp\/v2\/media?parent=64"}],"curies":[{"name":"wp","href":"https:\/\/api.w.org\/{rel}","templated":true}]}}

<!-- This site is optimized with the Yoast SEO plugin v14.9 - https://yoast.com/wordpress/plugins/seo/ -->
<title>Transformation of the profession in post-society digital - sep2020 - English UNIZAR</title>
<meta name="description" content="Los cambios cognitivos, sociales y éticos desarrollados en las sociedades del siglo XXI van más allá de las transformaciones tecnológicas tangibles." />
<meta name="robots" content="index, follow, max-snippet:-1, max-image-preview:large, max-video-preview:-1" />
<link rel="canonical" href="http://sep2020.unizar.es/en/transformacion-de-la-profesion-en-la-sociedad-postdigital/" />
<meta property="og:locale" content="en_US" />
<meta property="og:type" content="article" />
<meta property="og:title" content="Transformation of the profession in post-society digital - sep2020 - English UNIZAR" />
<meta property="og:description" content="Los cambios cognitivos, sociales y éticos desarrollados en las sociedades del siglo XXI van más allá de las transformaciones tecnológicas tangibles." />
<meta property="og:url" content="http://sep2020.unizar.es/en/transformacion-de-la-profesion-en-la-sociedad-postdigital/" />
<meta property="og:site_name" content="sep2020 - English UNIZAR" />
<meta property="article:modified_time" content="2020-01-18T12:24:14+00:00" />
<meta name="twitter:card" content="summary_large_image" />
<script type="application/ld+json" class="yoast-schema-graph">{"@context":"https://schema.org","@graph":[{"@type":"WebSite","@id":"http://sep2020.unizar.es/en/#website","url":"http://sep2020.unizar.es/en/","name":"sep2020 - English UNIZAR","description":"Otro sitio m\u00e1s de Congreso Internacional SEP2020 sitios","potentialAction":[{"@type":"SearchAction","target":"http://sep2020.unizar.es/en/?s={search_term_string}","query-input":"required name=search_term_string"}],"inLanguage":"en-US"},{"@type":"ImageObject","@id":"http://sep2020.unizar.es/en/transformacion-de-la-profesion-en-la-sociedad-postdigital/#primaryimage","inLanguage":"en-US","url":""},{"@type":"WebPage","@id":"http://sep2020.unizar.es/en/transformacion-de-la-profesion-en-la-sociedad-postdigital/#webpage","url":"http://sep2020.unizar.es/en/transformacion-de-la-profesion-en-la-sociedad-postdigital/","name":"Transformation of the profession in post-society digital - sep2020 - English UNIZAR","isPartOf":{"@id":"http://sep2020.unizar.es/en/#website"},"primaryImageOfPage":{"@id":"http://sep2020.unizar.es/en/transformacion-de-la-profesion-en-la-sociedad-postdigital/#primaryimage"},"datePublished":"2019-12-03T10:53:36+00:00","dateModified":"2020-01-18T12:24:14+00:00","description":"Los cambios cognitivos, sociales y \u00e9ticos desarrollados en las sociedades del siglo XXI van m\u00e1s all\u00e1 de las transformaciones tecnol\u00f3gicas tangibles.","inLanguage":"en-US","potentialAction":[{"@type":"ReadAction","target":["http://sep2020.unizar.es/en/transformacion-de-la-profesion-en-la-sociedad-postdigital/"]}]}]}</script>
<!-- / Yoast SEO plugin. -->
